at is the remainder when 58 is divided by 22?
14
What is the remainder when 90 is divided by 48?
42
Calculate the remainder when 58 is divided by 29.
0
Calculate the remainder when 1438 is divided by 80.
78
Calculate the remainder when 9329 is divided by 26.
21
What is the remainder when 3798 is divided by 158?
6
What is the remainder when 398 is divided by 5?
3
Calculate the remainder when 73 is divided by 37.
36
Calculate the remainder when 121 is divided by 31.
28
What is the remainder when 230 is divided by 60?
50
Calculate the remainder when 691 is divided by 36.
7
What is the remainder when 154 is divided by 31?
30
Calculate the remainder when 2578 is divided by 41.
36
Calculate the remainder when 281 is divided by 36.
29
What is the remainder when 197 is divided by 50?
47
What is the remainder when 2004 is divided by 400?
4
What is the remainder when 16566 is divided by 109?
107
Calculate the remainder when 321 is divided by 19.
17
Calculate the remainder when 116 is divided by 56.
4
Calculate the remainder when 424 is divided by 106.
0
Calculate the remainder when 337 is divided by 26.
25
Calculate the remainder when 60 is divided by 14.
4
What is the remainder when 689 is divided by 122?
79
What is the remainder when 737 is divided by 20?
17
What is the remainder when 344 is divided by 35?
29
Calculate the remainder when 217 is divided by 37.
32
Calculate the remainder when 45 is divided by 9.
0
What is the remainder when 64 is divided by 32?
0
What is the remainder when 257 is divided by 24?
17
Calculate the remainder when 156 is divided by 44.
24
Calculate the remainder when 160 is divided by 50.
10
What is the remainder when 613 is divided by 88?
85
What is the remainder when 54 is divided by 54?
0
What is the remainder when 5127 is divided by 69?
21
What is the remainder when 36 is divided by 22?
14
Calculate the remainder when 30 is divided by 17.
13
What is the remainder when 106 is divided by 36?
34
What is the remainder when 343 is divided by 69?
67
What is the remainder when 28 is divided by 10?
8
What is the remainder when 2872 is divided by 23?
20
What is the remainder when 73 is divided by 15?
13
What is the remainder when 395 is divided by 187?
21
Calculate the remainder when 128 is divided by 13.
11
Calculate the remainder when 4210 is divided by 156.
154
Calculate the remainder when 28 is divided by 2.
0
Calculate the remainder when 36 is divided by 7.
1
What is the remainder when 410 is divided by 35?
25
Calculate the remainder when 10182 is divided by 134.
132
What is the remainder when 108 is divided by 21?
3
Calculate the remainder when 39 is divided by 30.
9
What is the remainder when 762 is divided by 107?
13
Calculate the remainder when 15 is divided by 8.
7
What is the remainder when 158 is divided by 23?
20
Calculate the remainder when 455 is divided by 4.
3
Calculate the remainder when 5517 is divided by 16.
13
What is the remainder when 1325 is divided by 69?
14
What is the remainder when 125 is divided by 8?
5
Calculate the remainder when 1176 is divided by 363.
87
Calculate the remainder when 76 is divided by 27.
22
Calculate the remainder when 136 is divided by 29.
20
Calculate the remainder when 1627 is divided by 136.
131
What is the remainder when 392 is divided by 6?
2
Calculate the remainder when 2378 is divided by 13.
12
What is the remainder when 493 is divided by 28?
17
Calculate the remainder when 504 is divided by 156.
36
Calculate the remainder when 687 is divided by 13.
11
What is the remainder when 103 is divided by 22?
15
Calculate the remainder when 336 is divided by 114.
108
What is the remainder when 25838 is divided by 81?
80
Calculate the remainder when 340 is divided by 98.
46
What is the remainder when 984 is divided by 66?
60
What is the remainder when 677 is divided by 6?
5
What is the remainder when 91 is divided by 44?
3
What is the remainder when 339 is divided by 165?
9
What is the remainder when 278 is divided by 148?
130
What is the remainder when 1917 is divided by 26?
19
What is the remainder when 15798 is divided by 79?
77
What is the remainder when 349 is divided by 117?
115
What is the remainder when 191 is divided by 179?
12
What is the remainder when 725 is divided by 185?
170
Calculate the remainder when 1087 is divided by 78.
73
What is the remainder when 651 is divided by 177?
120
What is the remainder when 917 is divided by 125?
42
Calculate the remainder when 1473 is divided by 67.
66
What is the remainder when 116 is divided by 41?
34
Calculate the remainder when 1617 is divided by 111.
63
What is the remainder when 104 is divided by 20?
4
Calculate the remainder when 4639 is divided by 51.
49
Calculate the remainder when 13 is divided by 3.
1
Calculate the remainder when 106 is divided by 30.
16
What is the remainder when 384 is divided by 105?
69
What is the remainder when 348 is divided by 74?
52
Calculate the remainder when 2584 is divided by 11.
10
Calculate the remainder when 1694 is divided by 560.
14
Calculate the remainder when 391 is divided by 197.
194
Calculate the remainder when 348 is divided by 274.
74
What is the remainder when 165 is divided by 56?
53
Calculate the remainder when 266 is divided by 74.
44
Calculate the remainder when 625 is divided by 615.
10
Calculate the remainder when 224 is divided by 45.
44
What is the remainder when 138 is divided by 14?
12
What is the remainder when 1472 is divided by 1469?
3
Calculate the remainder when 49 is divided by 13.
10
What is the remainder when 193 is divided by 40?
33
Calculate the remainder when 5031 is divided by 2512.
7
What is the remainder when 267 is divided by 30?
27
Calculate the remainder when 47 is divided by 27.
20
Calculate the remainder when 332 is divided by 74.
36
Calculate the remainder when 352 is divided by 71.
68
What is the remainder when 444 is divided by 125?
69
What is the remainder when 848 is divided by 38?
12
What is the remainder when 5082 is divided by 26?
12
What is the remainder when 62 is divided by 15?
2
Calculate the remainder when 447 is divided by 16.
15
What is the remainder when 847 is divided by 281?
4
What is the remainder when 274 is divided by 85?
19
What is the remainder when 2901 is divided by 488?
461
What is the remainder when 87 is divided by 10?
7
What is the remainder when 15 is divided by 11?
4
What is the remainder when 54 is divided by 39?
15
Calculate the remainder when 2224 is divided by 1100.
24
What is the remainder when 4030 is divided by 42?
40
What is the remainder when 171 is divided by 25?
21
What is the remainder when 418 is divided by 20?
18
What is the remainder when 2432 is divided by 29?
25
Calculate the remainder when 95 is divided by 14.
11
What is the remainder when 69 is divided by 8?
5
Calculate the remainder when 1279 is divided by 425.
4
Calculate the remainder when 147 is divided by 62.
23
Calculate the remainder when 369 is divided by 62.
59
What is the remainder when 1204 is divided by 67?
65
What is the remainder when 139 is divided by 7?
6
Calculate the remainder when 74 is divided by 25.
24
What is the remainder when 509 is divided by 32?
29
Calculate the remainder when 12034 is divided by 59.
57
Calculate the remainder when 46 is divided by 6.
4
Calculate the remainder when 1023 is divided by 19.
16
What is the remainder when 671 is divided by 84?
83
What is the remainder when 1144 is divided by 41?
37
Calculate the remainder when 86 is divided by 29.
28
What is the remainder when 241 is divided by 51?
37
What is the remainder when 228 is divided by 7?
4
Calculate the remainder when 49 is divided by 7.
0
What is the remainder when 757 is divided by 20?
17
What is the remainder when 203 is divided by 37?
18
Calculate the remainder when 725 is divided by 26.
23
Calculate the remainder when 791 is divided by 61.
59
What is the remainder when 505 is divided by 142?
79
Calculate the remainder when 11682 is divided by 19.
16
Calculate the remainder when 152 is divided by 38.
0
What is the remainder when 185 is divided by 53?
26
What is the remainder when 112 is divided by 15?
7
What is the remainder when 1637 is divided by 78?
77
What is the remainder when 481 is divided by 41?
30
Calculate the remainder when 137 is divid